35
Let r(k) = -k**3 + 27*k**2 - 603. Calculate r(26).
73
Let n(t) = -t**3 + 38*t**2 - 36*t - 1. What is n(37)?
36
Let p(g) = -g**3 + 19*g**2 - 29*g + 200. What is p(18)?
2
Let d(y) = -y**3 + 41*y**2 - 315*y - 274. Give d(30).
176
Let z(b) = -71*b**3 - 3*b**2 + 6*b + 8. Determine z(-1).
70
Let u(k) = k**2 + 119*k + 3538. What is u(-62)?
4
Let u(j) = 11*j - 11. Determine u(1).
0
Let t(r) = r**3 + 37*r**2 + 8*r - 1014. Determine t(-36).
-6
Let i(f) = 10414*f - 93724. Give i(9).
2
Let n(f) = -f**3 - 94*f**2 + 95*f - 118. What is n(-95)?
-118
Let d(i) = 5*i**2 - 352*i - 580. What is d(72)?
-4
Let h(w) = -10*w**2 - 4*w - 2. Calculate h(-2).
-34
Let v(p) = -32910*p - 164566. Determine v(-5).
-16
Let m(f) = -10*f - 236. What is m(-14)?
-96
Let o(f) = 2*f**3 - 38*f**2 - 32*f - 156. What is o(20)?
4
Let h(w) = -w**2 - 77*w + 1221. Determine h(-91).
-53
Let x(w) = -10*w - 553. Give x(-55).
-3
Let h(w) = 1587*w + 1596. Determine h(-1).
9
Let g(t) = 2*t**3 - 13*t**2 + 7*t - 86. Calculate g(7).
12
Let t(b) = b**2 + 41*b + 402. Give t(-31).
92
Let c(v) = 707*v + 7077. Determine c(-10).
7
Let t(s) = -s**3 + 3*s - 7. What is t(-2)?
-5
Let g(q) = -49*q - 620. Calculate g(-15).
115
Let i(c) = c**3 - 146*c**2 + 427*c - 5. Determine i(3).
-11
Let u(a) = -19*a + 251. Give u(15).
-34
Let o(n) = -40*n**2 + n + 1. Determine o(1).
-38
Let w(v) = -23*v + 1045. Determine w(48).
-59
Let o(h) = -h**3 - 43*h**2 - 56*h - 587. Calculate o(-42).
1
Let j(q) = -25*q**2 - 2351*q - 90. Give j(-94).
4
Let f(x) = x**3 + 16*x**2 - 336*x + 429. Calculate f(11).
0
Let l(v) = -47*v + 734. What is l(7)?
405
Let u(d) = 1711*d - 20524. What is u(12)?
8
Let l(n) = 4*n**2 - 75*n - 76. Determine l(-1).
3
Let t(z) = 54*z**2 + 9*z - 37. Determine t(3).
476
Let g(i) = -88*i - 225. Determine g(-3).
39
Let c(t) = 182*t - 2197. Give c(12).
-13
Let v(h) = 725*h + 3619. What is v(-5)?
-6
Let r(j) = 609*j + 12168. Give r(-20).
-12
Let c(j) = j**3 + j**2 - 10*j + 286. Determine c(0).
286
Let o(p) = -142*p - 6680. Calculate o(-47).
-6
Let o(t) = 25*t**3 + 2*t**2 - 4*t - 1. Calculate o(-2).
-185
Let v(i) = -184*i + 2024. Give v(11).
0
Let g(o) = 17*o**2 + 39*o + 6. What is g(-2)?
-4
Let r(m) = 2*m**3 - 2*m**2 - 2*m - 6. Give r(2).
-2
Let n(g) = -193*g - 1627. Calculate n(-7).
-276
Let s(d) = -d**3 - 15*d**2 + 42*d + 130. Determine s(-17).
-6
Let w(n) = -91*n - 1357. Calculate w(-15).
8
Let p(h) = -1035*h + 8315. What is p(8)?
35
Let g(m) = 19*m**3 - 3*m**2 + m - 1. What is g(1)?
16
Let m(f) = 3*f**2 + 34*f + 194. Give m(-12).
218
Let t(k) = -k**3 - 3*k**2 - 1637*k - 13420. Calculate t(-8).
-4
Let x(t) = -5*t + 371. Calculate x(85).
-54
Let g(z) = 14*z**2 + 303*z - 919. Give g(3).
116
Let a(y) = 29*y**2 - 176*y + 1. Give a(6).
-11
Let k(s) = -s**3 - 16*s**2 - 53*s - 344. What is k(-14)?
6
Let f(b) = 13*b - 1113. Give f(86).
5
Let d(h) = -4*h + 96. Give d(-11).
140
Let t(a) = a**3 - 4*a**2 + 12*a. Give t(2).
16
Let s(b) = 5*b**3 + 9*b**2 - 18*b + 70. What is s(3)?
232
Let l(p) = 7*p**2 + 2*p + 107. Calculate l(0).
107
Let k(x) = -2*x**3 + 26*x**2 - 29*x + 57. What is k(12)?
-3
Let s(h) = h**3 + 13*h**2 - 45*h + 32. What is s(-16)?
-16
Let o(p) = p**2 + 21242*p - 63739. Give o(3).
-4
Let o(w) = 1582*w + 9759. What is o(-6)?
267
Let n(q) = -4*q**3 + 4*q**2 - 13*q + 34. Give n(5).
-431
Let o(n) = 16*n + 496. What is o(-28)?
48
Let c(b) = b**2 + 10*b - 206. What is c(12)?
58
Let c(h) = -2*h**3 - 11*h**2 - 11*h + 16. Determine c(-6).
118
Let i(z) = 2*z**3 + 2*z**2 + 3*z - 22. Calculate i(0).
-22
Let p(t) = t**2 + 69*t + 315. Determine p(-64).
-5
Let t(a) = 73*a + 311. Determine t(8).
895
Let u(j) = j**3 - 72*j**2 - 65*j - 130. Calculate u(73).
454
Let v(m) = -269*m - 531. Determine v(-5).
814
Let h(m) = -m**3 + 7*m**2 - 6*m - 24. What is h(6)?
-24
Let o(r) = -1361*r + 34. Determine o(0).
34
Let y(s) = -26*s**2 + 92*s + 45. Calculate y(4).
-3
Let a(k) = -2*k**3 + 4*k**2 - 14*k + 11. Determine a(3).
-49
Let y(a) = 63*a - 1447. Calculate y(25).
128
Let g(w) = -4*w - 9. Give g(-5).
11
Let p(o) = -4*o**3 - 4*o - 25. What is p(-3)?
95
Let x(t) = -5*t + 120. Give x(6).
90
Let f(d) = d**3 + 18*d**2 - 361*d - 23. Calculate f(-30).
7
Let m(d) = -d**3 + 7*d**2 - 7*d + 9. Give m(6).
3
Let l(i) = -17*i**3 - 336*i**2 + 344*i - 6. What is l(1)?
-15
Let y(i) = -3*i**2 + 59*i + 203. Determine y(23).
-27
Let l(f) = -29*f**2 + 311*f - 206. What is l(10)?
4
Let f(y) = -14*y**3 + 2*y**2 + 2*y - 2. Calculate f(-1).
12
Let g(k) = k**3 - 53*k**2 + 104*k - 121. Give g(51).
-19
Let i(o) = 7*o**2 + 11*o - 8. Give i(0).
-8
Let g(z) = -2*z**2 + 37*z - 77. Determine g(16).
3
Let a(c) = -c**3 + 10*c**2 - 22*c + 107. Calculate a(5).
122
Let b(x) = -23*x + 1032. Determine b(46).
-26
Let i(t) = -19263*t - 57791. Give i(-3).
-2
Let j(w) = 5*w - 16. Determine j(7).
19
Let i(u) = -u**3 + 15*u**2 - 37*u + 14. Give i(3).
11
Let g(l) = l**2 - 192*l - 4711. Determine g(-22).
-3
Let q(d) = -d**3 + 11*d**2 + 141*d - 276. What is q(18)?
-6
Let b(w) = w + 164. Give b(-17).
147
Let p(x) = 128*x + 2535. Calculate p(-20).
-25
Let t(k) = 33*k - 21. What is t(-8)?
-285
Let d(w) = -w**3 - 25*w**2 + 27*w + 64. Calculate d(-26).
38
Let q(i) = i**2 - 23. What is q(7)?
26
Let x(w) = -120*w + 9766. Calculate x(81).
46
Let d(r) = -10*r + 267. Determine d(27).
-3
Let y(l) = -2*l**2 - 56*l + 11. Calculate y(6).
-397
Let m(d) = -45*d - 183. Calculate m(-4).
-3
Let k(r) = 353*r + 20482. Give k(-58).
8
Let o(l) = -9*l**2 - 54*l + 2. Give o(-6).
2
Let k(q) = -19*q**2 + 6*q - 2. Determine k(-3).
-191
Let r(v) = v**3 + 14*v**2 - 56*v - 63. What is r(-17)?
22
Let t(v) = -9*v**2 - 140*v - 41. What is t(-15)?
34
Let q(a) = 6*a**2 + 14*a - 33. Determine q(6).
267
Let b(v) = 40*v**2 - 278*v - 18. Determine b(7).
-4
Let f(o) = -4*o**3 - 8*o**2 - 11*o - 32. Give f(-5).
323
Let w(v) = 7*v**2 - 953*v + 137. Calculate w(136).
1
Let z(k) = -k**2 - 12*k - 30. Give z(-3).
-3
Let g(w) = 2*w**3 - 4*w**2 + 25*w - 73. Determine g(6).
365
Let l(v) = -164*v - 217. Give l(0).
-217
Let c(w) = -7*w**3 + 231*w**2 - 3*w + 101. Calculate c(33).
2
Let w(k) = 3616*k - 7293. Give w(2).
-61
Let a(u) = -u**3 + 2*u**2 + 10*u - 9. Calculate a(-3).
6
Let j(h) = -h**2 + 2043*h + 6135. Determine j(-3).
-3
Let t(y) = 6*y + 43. What is t(-4)?
19
Let o(w) = w**2 - 13*w - 36. What is o(-4)?
32
Let s(p) = 11*p**2 - 184*p - 248. What is s(18)?
4
Let z(x) = x**2 - 6*x - 464. Calculate z(-19).
11
Let d(c) = -13*c - 466. What is d(29)?
-843
Let z(r) = -10*r**2 + 113*r - 126. Calculate z(10).
4
Let w(l) = -l**3 - 20*l**2 + 914*l - 419. Give w(-42).
1
Let y(x) = x**2 - 27*x - 1622. What is y(-29)?
2
Let b(n) = -n**3 + 30*n**2 - 24*n - 127. Give b(29).
18
Let z(o) = -o**3 + 24*o**2 - 46*o + 37. Calculate z(22).
-7
Let h(p) = -132*p - 3294. Determine h(-25).
6
Let d(w) = -59*w - 1132. What is d(-19)?
-11
Let k(c) = 46*c - 1056. Calculate k(23).
2
Let y(r) = r**2 - 85*r + 930. Give y(13).
-6
Let b(m) = 22*m + 144. Give b(0).
144
Let l(m) = -14*m**2 + 93*m - 166. What is l(6)?
-112
Let b(v) = 3*v**2 - 74*v - 397. Determine b(-5).
48
Let g(v) = v**2 - 55*v - 311. What is g(-5)?
-11
Let m(l) = 87*l + 815. Determine m(-10).
-55
Let l(s) = -s**2 - 243*s + 8500. Determine l(31).
6
Let h(m) = -12*m**3 + 9*m**2 - 16*m + 8. Determine h(1).
-11
Let g(b) = -11*b + 170. What is g(17)?
-17
Let h(z) = -741*z - 5253. Calculate h(-7).
-66
Let c(g) = 3*g**2 + 23*g + 46. Give c(-4).
2
Let p(w) = w**2 + 136*w - 107. Give p(-137).
30
Let r(q) = q**3 - 43*q**2 + 246*q + 218. Determine r(36).
2
Let i(g) = 1326*g - 13262. Determine i(10).
-2
Let p(n) = -104*n + 4888. What is p(47)?
0
Let o(v) = -101*v**2 - 28*v + 39. Determine o(-2).
-309
Let m(y) = -3*y**2 + 7*y + 24. Calculate m(4).
4
Let d(u) = -u**2 + 57*u + 1250. Calculate d(73).
82
Let x(u) = u**2 - 61*u + 826. What is x(41)?
6
Let o(x) = x**2 + 31*x + 161. Calculate o(-9).
-37
Let i(a) = 81*a + 36. What is i(6)?
522
Let s(d) = 7459*d - 52213. Calculate s(7).
0
Let d(g) = 272*g + 3381. Determine d(-12).
117
Let i(t) = -947*t - 133519. Give i(-141).
8
Let q(s) = -s**3 + 26*s**2 + 62*s - 81. Give q(28).
87
Let i(g) = -g**2 + 33*g + 243. Determine i(-6).
9
Let o(b) = 34*b**2 + 76*b - 87. What is o(-3)?
-9
Let c(l) = 3*l**3 + 3*l**2 - 61*l + 104. What is c(2)?
18
Let b(d) = 76*d - 510. Ca